actors of z?
163
Suppose 4*q + 5*m - 2261 = 0, 7*q - m = 2*q + 2848. What are the prime factors of q?
569
Suppose 286 + 124 = 5*n. Let d be (1972/204)/(-1 - (-7)/6). Let u = n - d. What are the prime factors of u?
2, 3
Let v(w) = w**2 + 8*w + 10. Let j be v(-7). Suppose j*x + 1 = 13. Suppose 0*m + 90 = 5*m + 5*t, 0 = -2*m + x*t + 54. What are the prime factors of m?
3, 7
Suppose 25060 = 49*h + 4676. What are the prime factors of h?
2, 13
Suppose -4*l + 3 = -3*l. Suppose -5*n = -a - 0*a + 41, 3*a - l*n = 111. Suppose -q = q - a. What are the prime factors of q?
2, 3
List the prime factors of 2/13 + (-439648)/(-416).
7, 151
Let h(d) = 13*d**3 + 3*d**2 + 2*d + 3. Let u be h(-2). Let z = -1 - u. Let w = z - 31. What are the prime factors of w?
61
Let l be 108 - ((-16)/(-12))/((-4)/(-6)). Suppose -z + 210 = 4*h, 4*h + z = 2*h + l. What are the prime factors of h?
2, 13
Let d = -564 + 1045. List the prime factors of d.
13, 37
Let w be 3 + 28/(-4) + 3. Let z be (w + 6)/((-1)/12). What are the prime factors of (6/10)/((-4)/z)?
3
What are the prime factors of ((-450)/12)/(-15)*(614 - 4)?
5, 61
Suppose -p + 494 = 2*m, 2*m = 5*m + 4*p - 731. List the prime factors of m.
3, 83
Let m be -63 - -1 - 12/(-3). Let w = m + 160. Suppose 2*r - 20 = w. List the prime factors of r.
61
Let u(c) = 170*c + 7. Let j be u(4). Suppose 3*n = w - 147, -j = -w - 4*w - n. What are the prime factors of w?
2, 3, 23
Suppose 0 = 3*p - 0*p + 2*p. Suppose p = 3*l + 15, -2*o - 3*l = -o - 74. List the prime factors of o.
89
Suppose -81 + 18 = b. Suppose -31*t + 75 = 447. Let z = t - b. What are the prime factors of z?
3, 17
Suppose -2*f - 4*p + 8 = 0, f - 3 = -3*p + 2*p. Suppose -1513 = -5*x - 2*k, f*k = 2*x - 141 - 467. List the prime factors of x.
3, 101
Let h(x) = -1304*x**3 + 3*x**2 + x - 3. List the prime factors of h(-1).
1303
Suppose 0 = -4*r - 17 - 39. Let p = -4 + 23. Let m = r + p. What are the prime factors of m?
5
Suppose 2*w - 5*b = 67, -37 = -4*w - 2*b + 37. What are the prime factors of 1515/w - 1/7?
2, 3
Suppose -p + 2*m = -3 + 6, m + 11 = 3*p. Suppose -15 = 5*x - p. List the prime factors of (x + -1)*25/(-3).
5
List the prime factors of (3/(-2))/(1*(-4)/456).
3, 19
Let z = 3 - -6. Let v = z - 9. Suppose v = 5*b - 20, 3*c - 2*b - 42 = 28. List the prime factors of c.
2, 13
Let l = -1682 + 2564. List the prime factors of l.
2, 3, 7
Let f = -25 + 113. Suppose -7*y + 3*y = -f. Suppose 5*s = y + 43. List the prime factors of s.
13
Let o(t) = t**2 + 25*t + 60. List the prime factors of o(-40).
2, 3, 5, 11
Let n(i) = i**3 + 28*i**2 - 22*i - 46. List the prime factors of n(-15).
3209
Let w = -6 - 64. Let d = 160 + w. What are the prime factors of d?
2, 3, 5
Let i = -10 + 17. List the prime factors of -1*(i - 3) - -47.
43
Let u(n) = 7*n. Let o be u(3). Let w be (-6)/o - (-330)/(-21). What are the prime factors of w/(-6)*(-21)/(-2)?
2, 7
Suppose -3*v = -2*g - 16, -4*g + 1 = 5*v - 11. Let w = v + -1. Suppose -w*l = -0*l - 60. What are the prime factors of l?
2, 5
Let v be 18/4 + (-3)/2. Suppose -415 + 55 = -v*r. Let j = r - 42. List the prime factors of j.
2, 3, 13
Let w(g) = -g**3 - 7*g**2 + g + 7. Let u be w(-7). Let x be 21 + (-2 - u - 1). Suppose 2 = 4*n - x. What are the prime factors of n?
5
Suppose 141*r - 148*r = -11669. List the prime factors of r.
1667
Let f be (-3)/(-9)*(-4 + 13). Let i be (-1)/(f + 40/(-13)). Let r = i + 12. What are the prime factors of r?
5
Suppose 3*z - 5419 = r, 1443 = 2*z - 5*r - 2174. What are the prime factors of z?
2, 3, 7, 43
Suppose 0 = -5*g + 2*b + 263 + 1345, -g - 3*b + 308 = 0. What are the prime factors of g?
2, 5
Suppose 0 = -2*q + 16 - 62. Let l = q + 25. Suppose -5*u + 37 + 7 = -l*s, -5*u + 56 = 2*s. What are the prime factors of u?
2, 5
Let i(h) = 12*h - 74. Let c be i(9). Suppose -4*v - 50 = -290. Let y = v - c. List the prime factors of y.
2, 13
Suppose n = -57 + 51. Let p = 6 + 3. Let m = p + n. What are the prime factors of m?
3
Let x(u) = -734*u**3 - 2*u - 1. Let p be x(-1). Let w = p + -517. List the prime factors of w.
2, 109
Let a(b) = 2*b**2 - 26*b - 62. What are the prime factors of a(18)?
2, 59
Let s = -73 + 49. Let c be (2 + s)/(4 - 2). Let w = c + 22. What are the prime factors of w?
11
Let a(r) = 30*r - 10. Let c be a(7). Suppose -4*g = 4*v - 376, -5*v + c = -g + 3*g. List the prime factors of g.
2, 3, 5
Suppose 3*f = -0*f + 75. Let x = -18 + f. Let j = -4 + x. List the prime factors of j.
3
Let p(h) = h**3 - 5*h**2 - h + 9. Let k be p(5). Suppose -430 = -k*o - o. List the prime factors of o.
2, 43
Let d(l) = 149*l**2 - 2*l - 18. What are the prime factors of d(-4)?
2, 1187
Let h(w) = -w**2 + 8*w - 1. Let g(q) = q**2 + 1. Let x(f) = -2*g(f) - h(f). Let d = 5 - 10. What are the prime factors of x(d)?
2, 7
Let b = 1349 - -335. What are the prime factors of b?
2, 421
Let i = 240 - 170. Suppose 0 = -w + i - 20. What are the prime factors of w?
2, 5
Suppose 0 = -6*l - 298 + 3676. What are the prime factors of l?
563
List the prime factors of 60408/126 + 3/(-7) + -1.
2, 239
List the prime factors of -4*6/12 - (2 + -2928).
2, 17, 43
Let f = 86 - 77. Suppose -4*g - 180 = -f*g. List the prime factors of g.
2, 3
Suppose 2*u - 4*x - 235 - 267 = 0, 5*x = u - 263. Let z = u + -173. List the prime factors of z.
2, 5, 7
Let k = 1139 - -3087. What are the prime factors of k?
2, 2113
Let l be 5/(100/(-196)) + 5/(-25). Suppose -7*o = -2*o - 95. Let g = o + l. List the prime factors of g.
3
Let o = -97 + 589. What are the prime factors of o?
2, 3, 41
Suppose g = -6*g + 917. What are the prime factors of (g - -1) + (36/9 - 2)?
2, 67
Suppose 7128 = 15*g + 3*g. What are the prime factors of g?
2, 3, 11
Let c(v) = -8*v**2 - 12*v - 17. Let j(h) = 3*h**2 + 4*h + 6. Let i(q) = 4*c(q) + 11*j(q). Let z be i(5). What are the prime factors of (109 - z)*(-1)/(-2)?
53
Let h(q) = q**3 + 7*q**2 + 3*q + 6. Let u be h(-7). Let y(w) = -w**3 - 15*w**2 - 6*w - 22. List the prime factors of y(u).
2, 17
Let j(t) = 4*t**3 + 6*t + 3. Let k(b) = b**3 + b + 1. Let s(q) = j(q) - 3*k(q). Let h be s(3). Suppose 3*p - h = 33. List the prime factors of p.
23
What are the prime factors of 10196/18 + 252/(-567)?
2, 283
Let x(i) = -i + 3. Let s be x(-2). Suppose -s*f + 22 = -178. List the prime factors of f.
2, 5
Let p be (-1)/((-2)/(4 - 2)). Suppose -j - 5 = 0, -j + p = -y - 18. List the prime factors of ((-232)/y)/(1/3).
29
Suppose -5*g = 5*i + 5, -g + 3 = 5*i - 4. Suppose -i*d = d - 6. Suppose -d*s = -68 + 28. What are the prime factors of s?
2, 5
Suppose 168*j = 170*j - 2340. List the prime factors of j.
2, 3, 5, 13
Let l be -3*(17/(-12))/((-7)/(-28)). Suppose l*b - 8*b = 531. What are the prime factors of b?
59
Let q = -92 - -130. What are the prime factors of q?
2, 19
Suppose -32*n - 30*n = -64*n. List the prime factors of (n/(4 + 0) - 1) + 38.
37
Let v = -1 - -23. Let s = v + -18. Suppose r = s*r + 3, -3*f + 28 = 5*r. What are the prime factors of f?
11
Suppose 4*z - 152 = 68. Let k be (-2)/(-4)*(-2 - -48). Let t = z - k. List the prime factors of t.
2
Let t(b) be the first derivative of b**4/4 + 2*b**3 + 3*b**2/2 - 6*b - 10. List the prime factors of t(-5).
2
Let c = 0 + 3. Suppose -26 = -c*n + 5*n. Let w = n - -41. List the prime factors of w.
2, 7
Suppose 0 = 3*q + 2*q - 5*u - 2770, 0 = -5*u + 5. What are the prime factors of q?
3, 5, 37
Let r(f) = 2*f + f**3 - 5*f**2 + f - 1 - f**2 + 0. Let z be r(6). Let g = z - 11. List the prime factors of g.
2, 3
Let y(i) = -i**3 + 9*i**2 + 9*i - 1. Let l be y(10). Let p = l + 15. Suppose 0 = 2*k + z - p*z - 100, -z = 5*k - 216. What are the prime factors of k?
2, 11
Let w(u) = 5*u**2 - 6*u + 34. What are the prime factors of w(7)?
3, 79
Suppose 3*z + 3*m = 3, 3*m = 3*z - 6 - 3. Suppose -d + 24 = i + 2*i, 0 = z*i - 2*d - 8. List the prime factors of i - (-2)/(-2)*-3.
2, 5
Let l(o) = o**3 + 7*o**2 + 5*o - 4. Let n be l(-6). Suppose n*x - x = 0. Suppose -w - 3*a = -4*w + 105, x = 4*w - a - 155. What are the prime factors of w?
2, 5
Let c be (-5)/30*0 - -889*2. Suppose 6*s - c = -8*s. List the prime factors of s.
127
Let g(d) be the first derivative of -d**4/4 + 3*d**3 + 5*d**2 - 34*d + 30. What are the prime factors of g(7)?
2, 67
Let b = 3635 + -2074. List the prime factors of b.
7, 223
Suppose -5*k = -5*w + 6275, 2*